 - 3*h. Suppose 0 = -u + c + 4*c + 39, -3*c + 26 = h*u. Is u composite?
False
Let v(p) = p - 2*p**2 - 3*p + 4*p**2 + p**2 + 1. Let h be v(1). Is 122 - h/4*-2 a composite number?
True
Suppose -25 = -5*q, -4*w + 9*w = 4*q + 65. Suppose 0 = 5*t + 57 - w. Is 3/2*t/(-4) a composite number?
False
Let n = -3 + 6. Suppose k - 52 = -k + 5*r, 0 = n*k - r - 65. Let c = 34 - k. Is c a composite number?
False
Let i = -2 + 9. Let m = 5 - i. Is (2 + 0 + -108)/m composite?
False
Suppose 5*g - 829 = 1756. Is g a prime number?
False
Let i(l) = 44*l + 1. Let t(u) = 3 + 1 + 2*u**2 - 3*u - 3. Let w be t(2). Is i(w) prime?
False
Is 2/(-11) + 29664/44 a composite number?
True
Suppose -4*j = -7*j + 393. Is j prime?
True
Suppose 5*u - x + 81 = -179, 4*u + 222 = -2*x. Let k = -25 - u. Let d = k + 10. Is d prime?
False
Suppose h = -4*h + 85. Let u = 50 - h. Is u a prime number?
False
Suppose 7*a = 8*a - 499. Is a a composite number?
False
Let u be ((-1)/(-3))/((-3)/9). Let n be u*-6*(-2)/(-4). Is n - (0 - 1*188) prime?
True
Suppose -4 = -3*r - f, 0 = -3*r + 4*r - 2*f + 1. Let w be 2*r*6/4. Suppose x + w*v = 3*x - 193, -2*v = x - 79. Is x composite?
False
Is (-1)/((-3)/(-3)) + 59 composite?
True
Suppose 0 = -f - 5*a + 457, -8*f + 3*f = a - 2333. Is f a composite number?
False
Is (-1 + (-153)/(-2))*110/5 prime?
False
Let m(g) be the third derivative of -g**6/120 + 7*g**5/60 + g**4/3 - g**3/2 + 3*g**2. Is m(7) composite?
False
Let s(f) = 39*f - 1. Suppose -2*n + 7*n = 30. Let h be (3/2)/(n/8). Is s(h) a composite number?
True
Let c be 4*((2 - 0) + -1). Let a = 7 - 4. Suppose a*q - c*q = -49. Is q a composite number?
True
Let l be 6 - (1 + 0 - -2). Suppose 0 = -3*h - n + 604, 2*h + l*h + 4*n - 995 = 0. Is h a composite number?
True
Suppose 2*d + d + 909 = 0. Let t = d - -560. Is t prime?
True
Is ((-14)/4)/(1 - 123/122) prime?
False
Let t(y) be the third derivative of 7*y**5/60 - 7*y**4/24 + 5*y**3/6 + 8*y**2. Is t(7) a composite number?
True
Suppose -7 = z - 2*z. Is (z - 4) + 60/2 prime?
False
Let l(x) = -3*x - 4. Let a be l(-3). Let n = a - -5. Is n prime?
False
Suppose 7*q = 2*q + 25. Is (-176)/(-5) + (-1)/q composite?
True
Let n be 2/(1 + (-1)/3). Suppose -341 - 328 = -n*h. Is h a prime number?
True
Suppose -12 = -k - 2*k. Suppose -72 = k*h - 604. Is h a prime number?
False
Suppose 3*s + 8643 = 8*s - 4*h, 5*h + 10 = 0. Is s a composite number?
True
Let m be -1 - -2 - (4 - 0). Is (-1)/(103/(-34) - m) a prime number?
False
Let v = 1069 - -588. Is v composite?
False
Let o(n) = 121*n**2 - n - 3. Is o(2) a prime number?
True
Is 33*5/((-60)/(-76)) prime?
False
Suppose 3*n - 88 - 80 = 0. Let r be (0 - (-8)/(-10))*-5. Suppose 0*w + n = r*w. Is w composite?
True
Let b = -91 + 178. Let v = 170 + b. Is v composite?
False
Let a(d) = 2*d**3 + d**2 - d - 2. Let n be a(2). Suppose n = 3*j - 2*t, -4*t = -2*j - 8*t. Suppose -j*k + 65 = 9. Is k a prime number?
False
Suppose 2*n = -0*n. Suppose -4*x + 308 = p + p, n = 5*p + 20. Is x a composite number?
False
Is 3 + (-2 - 0 - -262) composite?
False
Let j(p) = -3*p - 8. Let i = -1 + 3. Suppose t + 2 = 0, g - i*t + 6*t + 14 = 0. Is j(g) composite?
True
Let s = 2140 + -1455. Is s prime?
False
Is (-114)/(-3)*(4 - (-15)/6) a prime number?
False
Let n(d) = 4*d**3 - 6*d**2 - 3*d + 6. Let x(v) = -4*v**3 + 5*v**2 + 3*v - 5. Let z(j) = -3*n(j) - 4*x(j). Is z(3) a prime number?
True
Suppose -2*z = -z - 1217. Is z prime?
True
Let q = 15 + 16. Is q composite?
False
Suppose 2*y - 2*c = -4, 0*y + 5*c - 12 = 4*y. Let m = y - -3. Suppose 0 = -2*s + 3*h + m + 98, -4*h = -4*s + 208. Is s prime?
True
Let l be (-3)/((-2)/((-18)/3)). Let h(r) = -r + 2. Is h(l) prime?
True
Let k = -68 + 226. Is k prime?
False
Let n be 5/4 + 1/(-4). Let b = 8 + n. Is b a composite number?
True
Is (-6 + 5)*(1 + 0) - -348 a prime number?
True
Suppose 250 + 1187 = 3*l. Is l a prime number?
True
Suppose r = 7*r - 534. Is r a prime number?
True
Let w(p) = 331*p**3 - 2*p**2 + 2*p - 1. Let l be w(1). Suppose -4*j = -l + 62. Is j composite?
False
Let a(h) = -h + 11. Let z be a(9). Is -1 + (1 - z) + 37 a composite number?
True
Let u = -55 + 139. Suppose 0*z + u = 4*z. Is z prime?
False
Let z = -9 + 15. Let s be (-18 + 14)/(-1*1). Is ((-46)/s)/(z/(-12)) a prime number?
True
Let f = -5 + 7. Suppose -6 = 4*l + 2, 0 = -f*y - l + 170. Is (-1)/2 + y/4 a composite number?
True
Suppose -3*f = -0*f - 42. Let v = f - 9. Suppose -48 + v = -l. Is l prime?
True
Let x(t) = t**3 + t**2 + t + 5. Let a be x(-4). Suppose 0*c + 3*c + 2*d - 224 = 0, 0 = 2*c - 2*d - 166. Let f = c + a. Is f a prime number?
True
Let t = -10696 - -18943. Is t prime?
False
Let i(y) = 2*y + 6. Let d be i(-5). Suppose 0 = -2*z + 5*u - 19, 19 = -4*z + 3*u - 12. Let l = d - z. Is l composite?
False
Let x be (-22)/(-11) + 0/2. Suppose 5*l - 600 = s, x*l = -s - 0*s + 233. Is l a composite number?
True
Suppose -7 = w - 1. Let x be w/8*(-16)/6. Suppose -x*c = 3*c - 235. Is c prime?
True
Let b(x) be the first derivative of x**4/4 + 8*x**3/3 + 5*x**2/2 - 10*x + 2. Let p be b(-7). Is (-262)/(-8) + p/16 a composite number?
True
Is 0 + 127/(-2)*-2 a prime number?
True
Suppose -2251 = -3*t - 2*z, 2*z = -t + z + 750. Is t a composite number?
False
Let g be (-45)/(-3)*(-3)/9. Let f = g + 4. Is (-7 + 6)/(f/43) composite?
False
Suppose 5*h - 5*c - 20 = 0, 0 = -5*h - 2*c - 0 - 8. Suppose 228 = 4*q - q. Suppose h = -4*b + q + 280. Is b a prime number?
True
Let q(f) = f + 6. Let a be ((-4)/3)/(7/21). Let z be q(a). Suppose s = -z*s + 93. Is s a prime number?
True
Let c = -16 - -24. Let w be ((-6)/4)/((-3)/c). Is 98/21*18/w a composite number?
True
Is ((-1)/1)/((-3244)/(-812) + -4) a prime number?
False
Is (((-6)/9)/(-2))/((-5)/(-4815)) prime?
False
Let c(l) = l**3 + 7*l**2 + 5. Let o be c(-7). Let k = 7 - o. Suppose p + 2 = 0, k*f = -2*f - 3*p + 118. Is f a prime number?
True
Suppose 4*z - 8 = 4*g - 28, 0 = g - 4*z - 5. Suppose g*a - 1279 = 736. Is a a prime number?
False
Let r = -8 - -11. Let i(d) = -d + 2 + 2*d - d**3 - r + 2*d**2. Is i(-2) composite?
False
Suppose 0 = -2*y + 4*z + 446, 3*z + 660 = y + 2*y. Let l = y + -126. Is l a prime number?
False
Suppose -5*w + 4*i = -0*i - 1249, -3*i + 771 = 3*w. Is w a composite number?
True
Let s = 12 + -20. Let r be (-7)/(-2) + (-4)/s. Suppose 2*v + 0*v - 54 = -4*y, r*y + 3 = v. Is v a prime number?
True
Let c(z) = 7*z + 1 - z + 3*z. Let w(j) = -j**2 + 4*j + 7. Let d be w(5). Is c(d) prime?
True
Let w(g) = g**3 - g**2 + g - 1. Let y(j) = 3*j**3 - j**2 + j + 35. Let h(s) = -2*w(s) + y(s). Is h(0) composite?
False
Let m be (6 + -1)*6/15. Let c be m/(-4)*-114*1. Let s = -34 + c. Is s a prime number?
True
Let d = 994 + -443. Is d a prime number?
False
Suppose 3*n - 3*r + 8 + 19 = 0, n + 13 = 2*r. Is n/(-10) - 474/(-4) composite?
True
Let m = -55 - -98. Suppose 0 = 2*p - p - 2*s - 12, 0 = 4*p - 3*s - m. Is p composite?
True
Suppose 7*c = 2*c. Let m be c - (2 - 1)*-138. Suppose i - m = -5*w, 3*i - 457 = -i - w. Is i composite?
False
Suppose 0 = -5*u + 2*d + 51, -4*u - d + 48 = d. Is u a prime number?
True
Suppose -3*u = k + 3 - 6, 3 = 2*u + k. Let f = u - -19. Is f composite?
False
Suppose -2*g - 6 = -4*g. Suppose 96 = -g*j - 0*j. Let i = j + 54. Is i a composite number?
True
Let h = 23 - -700. Is h prime?
False
Suppose -9 = 4*c - k, 5*c + 4*k - 8 = 7. Is c - (-764)/2 - 2 a prime number?
True
Suppose 0 = -2*a - 4*s + 204, -a - 3*s - 386 = -5*a. Let k = a + 51. Is k a composite number?
False
Let z(g) = 6*g**2 + 2*g - 4. Let t be z(3). Suppose 0 = -m + 5*m - t. Is m prime?
False
Let a = -320 + 579. Is a a composite number?
True
Suppose 0 = 2*k + 8, 0*f + f + 4*k = 19. Let r = -5 + -79. Let p = f - r. Is p a composite number?
True
Let c = -482 + 861. Is c a composite number?
False
Let l = -72 - -42. Let h = -21 - l. Let s = h + 1. Is s a prime number?
False
Let o(j) = 16*j**2 + 6*j + 2. Let k be o(-6). Is (4 + 0 - 5) + k a prime number?
True
Suppose 0 = 3*n - 4*q - 0 + 6, 5*n + 4*q = 22. Let x be -2*(1 - 2) + 35. Suppose a + x = n*a. Is a a composite number?
False
Let z(u) = -u**2 - 5*u - 2. Let y be z(-4). Is 20/6*21/y prime?
False
Is ((-247)/2)/((-6)/12) prime?
False
Suppose 0 = 2*c + 3*c - 15. Suppose 5*g - 34 = -3*o, 5*o = 3*g - 5*g + 25. Is 19*(o - 6/c) a prime number?
True
Let z(l) = 12*l + 5. Let o be z